3 - 290*x**2 - 124*x - 83. Calculate t(-41).
-42
Let t(y) = -11*y**2 - 561*y - 2975. Give t(-45).
-5
Let v(m) = -m**3 + 28*m**2 + 19*m - 342. Determine v(27).
900
Let x(n) = -n**3 + 17*n**2 - 82*n + 60. What is x(8)?
-20
Let f(i) = 4*i**3 + 34*i**2 + 3*i - 105. Determine f(-8).
-1
Let j(m) = -2*m**2 + 10*m - 13. Determine j(3).
-1
Let z(f) = 16*f - 423. Give z(27).
9
Let u(x) = x**3 + 8*x**2 - 52*x - 385. Calculate u(-6).
-1
Let x(h) = -h**3 - 59*h**2 + 96*h + 2260. Give x(-60).
100
Let g(t) = 16*t - 71. Calculate g(-9).
-215
Let f(y) = -41*y + 3644. Determine f(86).
118
Let n(l) = 38*l + 2665. Determine n(-70).
5
Let d(m) = 4*m**2 - 11*m - 366. Calculate d(11).
-3
Let p(r) = 2*r**2 - 20*r + 115. Give p(4).
67
Let q(r) = 9*r**3 + 5*r**2 - 4*r - 8. Determine q(2).
76
Let x(s) = -2*s**3 + 30*s**2 - 190*s + 2274. Determine x(14).
6
Let f(g) = 2*g**2 - 140*g + 530. Calculate f(66).
2
Let g(v) = 12*v**2 + 97*v - 12. Determine g(-8).
-20
Let w(g) = 3*g**2 + 296*g - 708. Determine w(-101).
-1
Let i(n) = n**3 + 9*n**2 - 85*n - 78. Give i(-14).
132
Let d(r) = -r**2 + 27*r + 85. Determine d(31).
-39
Let p(y) = -y**2 + 35*y - 29. Give p(24).
235
Let l(q) = q**3 - 15*q**2 + 188*q - 1378. Give l(10).
2
Let a(o) = 244*o + 10006. Calculate a(-41).
2
Let z(x) = 3*x**3 - 74*x**2 - 185*x - 101. Determine z(27).
7
Let l(a) = -a**3 - 14*a**2 + 19*a + 75. Give l(-15).
15
Let w(r) = -4*r**3 - 19*r**2 - 15*r - 17. Determine w(-5).
83
Let z(b) = -2*b**2 + 6*b + 69. Calculate z(-8).
-107
Let z(k) = -18*k**2 - 58*k + 114. What is z(-5)?
-46
Let u(h) = 1451*h - 297454. Give u(205).
1
Let z(l) = 31*l - 10. Determine z(1).
21
Let i(z) = -z**3 - 25*z**2 - 4*z + 42. What is i(-25)?
142
Let f(t) = -t**3 + t**2 + 1237*t + 36. Give f(0).
36
Let b(d) = 185*d + 2222. Give b(-12).
2
Let z(i) = -105*i - 3633. What is z(-34)?
-63
Let q(a) = -a**3 - 104*a**2 - 1040*a - 1568. Give q(-93).
13
Let f(a) = a**2 - 4690*a - 46997. Give f(-10).
3
Let r(v) = -4*v + 57. Determine r(11).
13
Let p(z) = -z**3 + 16*z**2 + 1025*z - 7. Give p(41).
-7
Let w(r) = 14*r - 152. Give w(20).
128
Let u(m) = -248*m - 31762. Give u(-128).
-18
Let z(t) = -84*t + 129. Calculate z(4).
-207
Let v(z) = 55*z - 14. Calculate v(1).
41
Let u(n) = -n**3 + 19*n**2 - 62*n - 39. Determine u(14).
73
Let p(r) = 342*r + 11618. Calculate p(-34).
-10
Let m(i) = 8*i**2 + 37*i - 4. Give m(-5).
11
Let p(q) = q**3 + 59*q**2 - 11*q - 644. Calculate p(-59).
5
Let z(g) = -168*g**2 + g - 3. Calculate z(1).
-170
Let y(j) = -j**2 - 225*j + 7649. Calculate y(-255).
-1
Let m(l) = -l**2 - 10*l + 5. What is m(-5)?
30
Let f(s) = 54*s + 91. Calculate f(-5).
-179
Let q(v) = -v**2 + 47*v + 931. Determine q(62).
1
Let i(z) = -2*z**3 + 10*z**2 - 189*z + 950. What is i(5)?
5
Let o(h) = 3*h**2 - 7*h - 37. Give o(-5).
73
Let s(f) = -300*f - 912. Calculate s(-3).
-12
Let b(q) = -3*q**2 + 37*q - 66. Calculate b(13).
-92
Let p(i) = i**3 - 393*i**2 + 616*i + 64910. What is p(391)?
4
Let j(k) = k**2 + 26*k + 22. What is j(-25)?
-3
Let x(b) = b**3 - 25*b**2 + 106*b - 24. What is x(5)?
6
Let f(l) = -4*l**2 + 146*l - 137. What is f(35)?
73
Let w(n) = -78*n - 5493. What is w(-70)?
-33
Let d(h) = -17*h**2 + 15*h + 331. Give d(-4).
-1
Let w(o) = -2*o**2 + 152*o + 307. Give w(78).
-5
Let m(p) = -p**3 + 28*p**2 - 39*p + 4. What is m(27)?
-320
Let i(z) = z**3 + 34*z**2 - 86*z - 500. Give i(-36).
4
Let t(d) = d**3 - 13*d**2 + 790*d - 10300. What is t(13)?
-30
Let r(h) = 3*h**2 + 125*h - 31. Calculate r(-41).
-113
Let k(z) = -z**3 - 47*z**2 - 170*z - 115. Determine k(-3).
-1
Let o(n) = 35*n - 341. What is o(6)?
-131
Let h(q) = -q**3 - 99*q**2 - 460*q + 52. Give h(-5).
2
Let q(j) = -j**3 + 73*j**2 - 68*j - 260. What is q(72)?
28
Let u(y) = -53*y - 7745. Determine u(-146).
-7
Let d(k) = -28*k + 779. Give d(28).
-5
Let h(k) = 2*k**2 + 2396*k - 4801. What is h(2)?
-1
Let q(f) = 22*f - 212. Calculate q(6).
-80
Let y(u) = u - 150. What is y(7)?
-143
Let n(b) = -4*b - 121. Calculate n(-7).
-93
Let u(a) = 3*a**2 - 22*a - 1. What is u(6)?
-25
Let v(s) = s**2 + 261*s - 9054. Give v(31).
-2
Let n(f) = f**2 + 2*f + 9. What is n(-6)?
33
Let w(c) = -9*c - 32. Calculate w(3).
-59
Let o(k) = -k**3 + 50*k**2 - 618*k - 63. What is o(24)?
81
Let n(d) = -98*d - 473. Determine n(-7).
213
Let n(w) = -w**3 + 5*w**2 - 4292*w + 17156. Determine n(4).
4
Let j(p) = p**2 - p - 22. Calculate j(-5).
8
Let z(y) = -y**3 - 3*y**2 - 43*y - 89. What is z(-2)?
-7
Let l(g) = -g**3 - 64*g**2 - 112*g + 747. What is l(-62)?
3
Let u(b) = 9*b + 812. Calculate u(-83).
65
Let g(n) = -n**2 + 1906*n - 7605. Determine g(4).
3
Let a(h) = -54*h**2 + 4*h - 3. Give a(2).
-211
Let q(a) = 2959*a - 14782. Give q(5).
13
Let b(m) = 13*m**3 + 5*m**2 + 17*m - 6. Determine b(-3).
-363
Let f(h) = 3*h**2 - 549*h + 53. What is f(183)?
53
Let x(r) = -369*r - 1841. What is x(-5)?
4
Let v(q) = -3*q**3 + 40*q**2 - 64*q - 8. Give v(10).
352
Let i(h) = -2*h**2 + 601*h - 596. Give i(1).
3
Let k(g) = 56*g - 590. Calculate k(11).
26
Let j(q) = 118*q - 2118. What is j(18)?
6
Let c(t) = -4*t**3 + 759*t**2 - 564*t - 579. What is c(189)?
-12
Let v(n) = -45*n + 1428. Calculate v(35).
-147
Let v(g) = 3*g - 108. Calculate v(14).
-66
Let c(o) = 3*o**3 - 80*o**2 - 46*o + 509. Give c(27).
-4
Let r(d) = 3914*d + 15656. Determine r(-4).
0
Let x(h) = -3941*h - 43331. What is x(-11)?
20
Let u(y) = -y**3 - 44*y**2 + 89*y - 150. What is u(-46)?
-12
Let j(f) = -f**3 - 24*f**2 + 82*f + 38. Give j(-27).
11
Let c(i) = 135*i - 26. Determine c(-2).
-296
Let q(w) = w**3 + w**2 - 835*w - 1674. Determine q(-2).
-8
Let w(g) = 332*g + 46828. Determine w(-141).
16
Let l(v) = -5*v**2 - 313*v + 68. What is l(-63)?
-58
Let q(d) = -d**3 + d - 3. What is q(-2)?
3
Let r(i) = 124*i**2 + 125*i + 3. What is r(-1)?
2
Let f(t) = 4363*t + 4350. Determine f(-1).
-13
Let w(o) = -191*o**3 - 766*o**2 + 3*o + 45. Determine w(-4).
1
Let x(m) = m**2 + 15*m - 51. What is x(-16)?
-35
Let d(c) = c**2 + 102*c + 560. What is d(-96)?
-16
Let n(m) = -m**3 - 11*m**2 - m - 50. Give n(-7).
-239
Let b(t) = -459*t + 3676. What is b(8)?
4
Let p(y) = -18*y**3 + y**2 + 63*y - 64. Give p(1).
-18
Let b(w) = -991*w + 1086. What is b(2)?
-896
Let z(h) = h**3 - 7*h**2 + 56*h - 298. Calculate z(6).
2
Let t(x) = -70*x - 425. What is t(-6)?
-5
Let f(z) = 389*z + 12449. Calculate f(-32).
1
Let g(b) = 42*b**2 - 71*b - 6. Calculate g(3).
159
Let k(z) = z**3 - 4*z**2 - 20*z - 3. Calculate k(6).
-51
Let o(q) = 2*q**2 + 64*q + 381. What is o(-8)?
-3
Let u(n) = -3*n**2 - 187*n + 1225. Determine u(6).
-5
Let m(g) = 2*g**3 + 13*g**2 + 118*g + 398. Determine m(-4).
6
Let j(s) = -5*s**3 - 320*s**2 - 313*s + 152. What is j(-63)?
26
Let c(k) = 22*k**2 - 45*k + 82. Calculate c(2).
80
Let x(h) = -16*h**3 + h**2 - 18*h - 31. Calculate x(-2).
137
Let h(u) = 99*u - 1106. Give h(11).
-17
Let n(l) = -143*l - 4603. Determine n(-32).
-27
Let o(m) = -5*m**2 - 97*m - 21. Give o(-19).
17
Let l(t) = -t**2 - t + 4467. What is l(66)?
45
Let v(l) = -56*l**2 + 1066*l - 3. What is v(19)?
35
Let z(s) = -s**3 - 13*s - 3. Give z(6).
-297
Let o(u) = -488*u + 1951. Give o(4).
-1
Let w(n) = n**2 - 46*n + 335. Determine w(8).
31
Let x(z) = 9*z + 66. What is x(-21)?
-123
Let j(t) = 7*t**3 + 217*t**2 - 3*t - 83. Determine j(-31).
10
Let t(f) = -39*f**2 - 235*f - 3. Calculate t(-6).
3
Let d(i) = -i**3 + 16*i**2 + 101*i - 1. What is d(-8)?
727
Let u(c) = -2*c**2 + 58*c + 107. Determine u(31).
-17
Let w(y) = -y**3 + 18*y**2 + 11*y - 5. What is w(19)?
-157
Let v(a) = 34*a**2 - 1326*a. What is v(39)?
0
Let l(y) = -y**3 + 12*y**2 + 2*y - 75. Determine l(12).
-51
Let y(t) = -36*t - 1120. Calculate y(-31).
-4
Let z(a) = -a**3 + 81*a**2 - 890*a + 412. Give z(68).
4
Let l(t) = -381*t - 3060. Give l(-8).
-12
Let q(f) = -149*f - 174. Give q(3).
-621
Let b(n) = -16*n + 37. Determine b(9).
-107
Let c(h) = -9*h**2 - 26*h + 155. What is c(6)?
-325
Let j(o) = -o**3 - 7*o**2 + 27*o + 158. Determine j(-6).
-40
Let l(h) = -12*h + 122. Give l(13).
-34
Let w(a) = 206*a + 1038. What is w(-5)?
8
Let g(r) = 163*r + 696. Give g(-2).
370
Let r(a) = -a**3 - 33*a**2 - 87*a + 65. Calculate r(-30).
-25
Let s(n) = -2*n**3 + 15*n**2 + 39*n - 61. Calculate s(9).
47
Let q(f) = 9*f**2 + 127*f - 149. What is q(-15)?
-29
Let q(r) = r**3 - 2*r**2 - 14*r + 30. Give q(5).
35
L